= -n**3 - 8*n**2 + 10*n + 4. Let m(w) = w**3 + 9*w**2 - 12*w - 6. Let z(u) = -5*c(u) - 4*m(u). Determine z(-5).
-11
Let y(q) = -q - 3. Let z(v) = v + 10. Let d(m) be the first derivative of -m**2/2 - 6*m + 3. Let u be d(0). Let s be z(u). Give y(s).
-7
Let n(u) = -15*u - 3. Let j = 766 + -769. Calculate n(j).
42
Let p(g) = -2 + 4*g - 128*g**2 + 5 + 2*g + 133*g**2 - g**3. Calculate p(6).
3
Let r(j) = -j**3 - 3*j**2 - 4*j - 2. Suppose 20 = 2*y + 3*y. Let h be (-13 - -7) + y/1. Determine r(h).
2
Let u be ((-14)/(-4))/((-10)/100*5). Let c(d) = -2*d - 1. Calculate c(u).
13
Let b(l) = l**2 + 2*l - 1. Let s = -18 + 37. Suppose 0 = 3*p + s - 1. Let g(t) = -t**3 - 6*t**2 + 2*t + 7. Let d be g(p). Calculate b(d).
14
Let d(s) be the third derivative of s**5/60 - s**4/8 - s**3/6 - 160*s**2. What is d(3)?
-1
Let l(x) = x**3 - 5*x**2 - 2*x. Let f = -1347 + 1344. Give l(f).
-66
Let r(u) be the third derivative of -u**5/60 - 7*u**4/24 + 2*u**3/3 - 6*u**2 + 13*u. Give r(-4).
16
Let u(g) = -3*g - 4. Let f be u(-2). Let x(v) = v + 116 - 118 - 3*v**2 - 2*v + 4*v**f. Calculate x(6).
28
Let i(w) = 2*w**3 + 4*w**2 + w - 4. Let a = 961 - 963. Determine i(a).
-6
Let u(y) = -y**2 - y - 9. Suppose 0 = 3*w + 3*x - 48, -24 = -2*w - 2*x - 2*x. Let k = 20 - w. Suppose 6*i - 11*i = k. Give u(i).
-9
Let y(d) be the first derivative of -1/2*d**2 - 3 + 3*d. Calculate y(0).
3
Suppose -4*h = -5*h. Let z be 3/((h + -4)/(-4)). Let q(w) = 3 + 3*w + z - 2*w + w**2 + 2. Calculate q(0).
8
Let y(q) = 4*q + 3. Let s be y(-2). Let n(i) = 9*i**3 - 5*i**2 + 7*i. Let u(g) = -11*g**3 + 5*g**2 - 8*g. Let j(x) = -6*n(x) - 5*u(x). Calculate j(s).
10
Let t(g) = g - 1. Let h be t(2). Let j be h/6 - 5/30. Let o(s) = j*s - s + 2*s + s**2 - 7*s + 1. Give o(6).
1
Let m(o) = -3*o + 3. Suppose -4*h + 27 = -13*h. Let g be ((-24)/4)/(-2) - h. Give m(g).
-15
Let u(r) = 3*r**2 + 51*r - 21. Let n be u(-17). Let i(g) = g**2 + 22*g + 21. Calculate i(n).
0
Let k(d) = d**3 - 8*d**2 - 8*d - 11. Suppose 0 = 99*v - 93*v - 54. What is k(v)?
-2
Let l(q) = -q**3 + 12*q**2 + 19*q - 17*q**2 - 7 + 22*q**2 + 1 - 2. Determine l(18).
10
Let a(w) = 4*w - 1. Let f = 28 + -24. Suppose -3 = f*u + 5. What is a(u)?
-9
Let b be (5 - 3 - -1) + 2. Suppose -6*k - 4 = -4*k, b*k - 10 = -4*o. Let p(i) = i**3 - 6*i**2 + 3*i + 7. Determine p(o).
-3
Let g(i) = 21*i + 1. Let m(d) = -d**2 - 11*d - 31. Let q be m(-6). Determine g(q).
-20
Let l(q) be the third derivative of q**4/24 - 5*q**3/6 - 21*q**2 + 2*q. What is l(8)?
3
Let z be 0*2/(1 + -3). Let u(h) = 11*h + 14. Suppose 0 = -3*n - 16 - 8. Let g(c) = 7*c + 9. Let t(y) = n*g(y) + 5*u(y). What is t(z)?
-2
Let l(q) = -q**3 + q**2 - q + 1. Let a(m) = 2*m**3 + 4*m - 7. Let o(j) = a(j) + 3*l(j). What is o(3)?
-1
Let f = 71 - 53. Suppose f*h = 20*h. Let q(o) be the second derivative of o**3/6 + o**2/2 + o. Determine q(h).
1
Let r(m) be the third derivative of -m**6/120 + 19*m**5/60 - m**4/24 + 7*m**3/3 + 31*m**2. What is r(19)?
-5
Suppose -2*b - r + 3 = -3*b, -8 = 4*b - 2*r. Let i be (-1 + (-5)/(-15))/(b/(-12)). Let a(w) = w - 3. Give a(i).
-11
Let d(j) be the first derivative of -j**4/4 + 5*j**3/3 + 3*j**2/2 + j + 31. Give d(6).
-17
Let w(q) = 10*q + 5. Let r(z) = z + 1. Let v(y) = 3*r(y) - w(y). Calculate v(-2).
12
Let g(i) = 15*i**3 - i - 1. Let l = -6 + 7. Let d be 0/5*(0 + l). Suppose -5*o - 5 = -d*o. Calculate g(o).
-15
Let z(o) = -61*o**2 + 7*o - 60*o**2 + 10 + 122*o**2 - 5. Suppose 8*i - 12 = 10*i. Determine z(i).
-1
Let j(w) = w**3 + 2*w**2 - 4*w - 2. Let f be 324/(-72) + (-3)/(-6). What is j(f)?
-18
Let c(s) = -s**2 + 6*s. Suppose -3*y = -130 + 115. What is c(y)?
5
Let c be 544/88 + 4/(-22). Suppose -4*v - c = 10. Let g be 1 + (v/1 - 2). Let w(x) = x**2 + 6*x + 4. Calculate w(g).
-1
Suppose 1 = 3*r - b, 0 = 69*r - 73*r - 5*b + 33. Let j(d) be the first derivative of 1/4*d**4 + 6 + 2*d**2 - 2*d + r*d**3. Calculate j(-5).
3
Let o(v) = -v - 3. Suppose 3*q + 5 - 11 = 0. Suppose 3*x - 7 = q. Suppose -5*w - 9 = -d, w + x*d = 3*w + 1. Give o(w).
-1
Let s be 0 + ((-6)/(-1))/2. Let o(q) = -8 + 25 + 2*q - 12 - q**2 - 6. Calculate o(s).
-4
Let s be 244*((-6)/8 + 1). Let o = s + -64. Let t(u) = 5*u + 4. Calculate t(o).
-11
Let v = -3 + 5. Let t(r) = -r**2 - 7*r**3 - v*r**3 + 2*r + 3*r**3 - r. Let c(f) = -f + 6. Let l be c(5). What is t(l)?
-6
Let r(z) be the second derivative of -2*z + 0 + 0*z**2 - 1/6*z**3. What is r(-4)?
4
Let l be 14*(2/(-4))/(-1). Let p(c) = 11*c - c**2 - 11*c - l*c**3 + 0*c**2. Let o = 7 - 8. What is p(o)?
6
Let f be (-48)/16 + 8/1. Suppose 12 = -i + 5*s, 3*i + 0 + 6 = f*s. Let k(r) be the third derivative of -r**4/12 - r**3/2 - r**2. Give k(i).
-9
Let f(k) = 4*k**3 - 12*k**2 - 8*k - 3. Let s(o) = 3*o**3 - 11*o**2 - 7*o - 4. Let h(q) = 4*f(q) - 5*s(q). Suppose 0 = -0*b + 156*b + 1092. Calculate h(b).
-13
Let j(b) = -b**3 - b**2 + 4*b + 5. Suppose -12*a - 15 = -7*a. Calculate j(a).
11
Let p = -1956 - -1957. Let j(h) = 2*h**3 - 2*h**2 - 2*h + 3. Give j(p).
1
Let a(l) = l**2 + 5*l - 3. Let k(m) = m**3 - m**2 - 7*m + 30. Let q be k(0). Suppose -2*t = -t + 36. Let x = q + t. Calculate a(x).
3
Let u(v) be the third derivative of v**5/60 + v**4/6 - 8*v**3/3 - 146*v**2. What is u(-7)?
5
Let n = -1014 - -998. Let p(j) = j**3 + 12*j**2 - 64*j - 4. Calculate p(n).
-4
Let i(n) = n**3 - 6*n**2 + 5*n - 1. Let b(f) = -f**3 - 10*f**2 + 4*f**2 - 19*f + 4 - 14*f**2. Let t be b(-19). What is i(t)?
-13
Suppose 0 = 4*r + k - 4, r + 3*k - 4 = 2*k. Suppose -f + 3*f = 2. Let g(z) = 1 + z**2 - 1 - 10 - z - f + z**3. Give g(r).
-11
Let s(l) = l**2 - 4*l - 10. Suppose -17 = -4*j - 3*k, -k + 3 = 16*j - 15*j. Calculate s(j).
22
Let q(f) = 16*f**2 - 55*f + 45. Let u(h) = -3*h**2 + 11*h - 9. Let z(n) = 2*q(n) + 11*u(n). Let b(t) = -t + 4. Let d be b(-5). Determine z(d).
9
Let c(k) = -4*k - 7. Let d be c(-5). Suppose -d*q + 14*q + 2 = 0. Let a(j) = -j**3 - 2*j**2 - 2*j - 2. Determine a(q).
2
Let h(o) = -374*o - 1493. Let u be h(-4). Let d(s) = 5*s**2 - 3*s. Let p(z) = 4*z**2 - 3*z. Let j(f) = -3*d(f) + 4*p(f). What is j(u)?
0
Let j(n) = 2 - 3*n - 1908*n**2 + 3 + 1907*n**2. What is j(-5)?
-5
Let t(m) = 5*m - 5. Let o = -35 + 21. Let j(v) = -v**3 - 15*v**2 - 13*v + 12. Let l be j(o). Let d(b) = -4*b + 4. Let f(r) = l*t(r) - 3*d(r). Calculate f(-4).
-10
Let k(a) = -a**3 - 6*a**2 - 2*a - 7. Let v = -1176 + 1171. What is k(v)?
-22
Suppose -3*v - 9 = -6*v. Let r(i) = -1. Let l(j) = j**2 + 2*j + 1. Let a(b) = l(b) + 5*r(b). Calculate a(v).
11
Let n(w) = -w**3 - 18*w**2 + 16. Let b = -908 - -890. Determine n(b).
16
Let z(i) = 4*i**3 - i**2 + 1. Suppose -8 = -g + 1. Let m be -1*-3*3/g. Calculate z(m).
4
Let o(t) = 4 - 3 - 2*t + 0 + t**2. Let f be o(2). Let z(d) = -d + 1. Let g be z(f). Let p(r) = r + 7. Give p(g).
7
Let k(g) = -19*g**3 + g**2 + 2*g + 1. Let v be 12/(-5)*(-150)/(-12). Let s = 29 + v. Calculate k(s).
19
Let g = -321 + 326. Let f(a) = -2*a**2 + 8*a + 3. Determine f(g).
-7
Let h(x) = 3*x**2 + 3*x + 2. Let s = 4 - 6. What is h(s)?
8
Suppose 51*p - 6 = 49*p. Suppose -p*i = b - 15, 5*b + 1 = -i + 20. Let q(m) = -m**3 + 3*m**2 + 3*m + 3. Determine q(i).
-1
Let f(n) = 4*n**2 - 12*n + 10. Let h(o) = o**2 - o - 1. Let k(p) = -f(p) + 5*h(p). What is k(-8)?
-7
Let j(o) = -10*o - 7. Let v(t) = -17*t - 13. Let b(h) = 5*j(h) - 3*v(h). Give b(-10).
-6
Let d(z) = 20*z**3 - 15*z**2 - 2*z - 11. Let h(v) = 9*v**3 - 7*v**2 - v - 5. Let i(p) = 4*d(p) - 9*h(p). Calculate i(-2).
19
Let s(v) = -7*v**2 - 1. Suppose 0 = 5*k - 10, -30 = -4*f - 5*k + 12. Let p = f - 9. Determine s(p).
-8
Let j(r) = -r**2 - 5*r + 7. Let b be j(-6). Let u be 2 + -12 + 5 + 5. Let n(k) = -20 + u*k - 2*k**2 + 2*k + 15*k**3 + 19. Calculate n(b).
14
Let b(z) = 2 + 3 - 172*z + 3 + 171*z. Let i(t) = -2*t - 3. Let u be i(-5). Give b(u).
1
Let t = 70 - 19. Let m = -56 + t. Let j(i) = -i**2 - 7*i - 1. Determine j(m).
9
Let v(h) = 2*h**3 - 25*h**2 + 21 + 250*h - 9*h**2 - 251*h. Calculate v(17).
4
Let q(v) = -v. Suppose 5*t = -2*g - 45, 0 = 4*t + 2*g + 22 + 14. Give q(t).
9
Let y(m) = -3*m + 15. Let o be y(11). Let w be 3/(o/3)*-6. Let h(a) = 2*a + 3 + 0*a**2 + 0*a**2 - a**w - 4 + 2*a**2. What is h(3)?
-4
Suppose 2*w + 11 = -3*f, -2*f + 7 = -3*f - 4*w. Let g(q) = -q. Let u(a) = a**2 + 3*a + 3. Let k(d) = f*g(d) + u(d). Give k(-4).
-5
Let t(l) = 5*l - 2.